{"id":58,"date":"2015-01-12T11:28:26","date_gmt":"2015-01-12T10:28:26","guid":{"rendered":"http:\/\/www.kamycka.cz\/wordpress\/?page_id=58"},"modified":"2015-07-04T09:58:00","modified_gmt":"2015-07-04T08:58:00","slug":"informace","status":"publish","type":"page","link":"http:\/\/www.kamycka.cz\/apartmany\/informace\/","title":{"rendered":"Z\u00e1kladn\u00ed informace"},"content":{"rendered":"<h3><span style=\"color: #99cc00;\">Ubytov\u00e1n\u00ed<\/span><\/h3>\n<p>Apartm\u00e1ny Kam\u00fdck\u00e1\u00a0m\u00e1 dev\u011bt nov\u011b vybudovan\u00fdch podkrovn\u00edch pokoj\u016f s vlastn\u00edm z\u00e1zem\u00edm (kuchy\u0148ka, WC, koupelna) a t\u0159i byty (2kk a 3+1). Posledn\u00ed p\u0159estavbou pro\u0161la \u010d\u00e1st apartm\u00e1nu v roce 2015. Objekt byl vybudov\u00e1n v roce 2009 po celkov\u00e9 rekonstrukci rodinn\u00e9ho domu, kde do roku 1960 b\u00fdval t\u00e9\u017e rodinn\u00fd hostinec.<br \/>\nVelikosti apartm\u00e1n\u016f jsou od 18m2 do 56m2, byt\u016f pak od 45m2 do 92m2.\u00a0V\u0161echny apartm\u00e1ny i byty jsou neku\u0159\u00e1ck\u00e9. Bezprobl\u00e9mov\u00e9 parkov\u00e1n\u00ed je v ulici Lysolajsk\u00e1 p\u0159\u00edmo p\u0159ed vstupem do domu a d\u00e1le je mo\u017en\u00e9 v zahradn\u00ed \u010d\u00e1sti domu \u010di v podzemn\u00edch gar\u00e1\u017e\u00edch.<\/p>\n<p>Bli\u017e\u0161\u00ed informace o jednotliv\u00fdch prostorech naleznete v lev\u00e9m menu.<\/p>\n<h3><span style=\"color: #99cc00;\">Lokalita<\/span><\/h3>\n<ul>\n<li>MHD autobus 107,147, no\u010dn\u00ed 502 &#8211; vzd\u00e1lenost 60m<\/li>\n<li>Po\u0161ta, M\u011bstsk\u00fd \u00fa\u0159ad a Czech Point &#8211; vzd\u00e1lenost 625m<\/li>\n<li>Bankomat a pobo\u010dka \u010cS &#8211; vzd\u00e1lenost 500m<\/li>\n<li>Are\u00e1l \u010cesk\u00e9 Zem\u011bd\u011blsk\u00e9 Univerzity (\u010cZU) spolu se sportovi\u0161ti &#8211; vzd\u00e1lenost cca 80m<\/li>\n<li>V bl\u00edzk\u00e9m sportovn\u00edm are\u00e1lu je k dispozici kryt\u00fd baz\u00e9n, t\u011blocvi\u010dna, posilovna, sauna, tenisov\u00e9, beachvolejbalov\u00e9 a volejbalov\u00e9 kurty a p\u016fj\u010dovna kol.<\/li>\n<li>Obchod nejen s potravinami (Konzum) a restaurace jsou k dispozici p\u0159es ulici Kam\u00fdck\u00e1 od apartm\u00e1n\u016f<\/li>\n<li>Dal\u0161\u00ed obchody a restaurace najdete ve vzd\u00e1lenosti cca 500m (1 zast\u00e1vka autobusem).<\/li>\n<li>St\u0159ed m\u011bsta a jedna z nejv\u00edce nav\u0161t\u011bvovan\u00fdch pam\u00e1tek Prahy &#8211; Pra\u017esk\u00fd Hrad jsou lehce dostupn\u00e9 m\u011bstskou hromadnou dopravou (zast\u00e1vka autobus\u016f \u010d. 147, 107 je cca 60m od domu) nebo automobilem (3km) s mo\u017enost\u00ed vyu\u017eit\u00ed velk\u00e9ho parkovi\u0161t\u011b na V\u00edt\u011bzn\u00e9m n\u00e1m\u011bst\u00ed u stanice metra A &#8211; Dejvick\u00e1.<\/li>\n<\/ul>\n<h3><span style=\"color: #99cc00;\">Mo\u017enosti polyfunk\u010dn\u00edho domu Kam\u00fdck\u00e1 10<\/span><\/h3>\n<p>V r\u00e1mci polyfuk\u010dn\u00edho domu je mo\u017en\u00e9 vyu\u017e\u00edt t\u011bchto dopl\u0148kov\u00fdch slu\u017eeb, jejich\u017e ceny naleznete v cen\u00edku:<\/p>\n<ul>\n<li><strong>vyu\u017eit\u00ed spole\u010dn\u00e9 pr\u00e1delny se su\u0161i\u010dkou<\/strong><\/li>\n<li>p\u016fj\u010den\u00ed TV, mikrovlnn\u00e9 trouby, rychlovarn\u00e9 konvice, pe\u0159in a povle\u010den\u00ed atd.<\/li>\n<li>vyu\u017eit\u00ed\u00a0internetu v apartm\u00e1nu \u010di bytu (kabel \u010di WiFi)<\/li>\n<li>pravideln\u00fd \u00faklid<\/li>\n<li>p\u016fj\u010dovna sk\u00fatr\u016f a kol<\/li>\n<li>pneuservis a motoservis<\/li>\n<li>slu\u017eby pot\u00e1p\u011b\u010dsk\u00e9ho centra<\/li>\n<\/ul>\n<div id=\"attachment_81\" style=\"width: 605px\" class=\"wp-caption aligncenter\"><a href=\"http:\/\/office.alea.cz\/wordpress\/wp-content\/uploads\/2015\/01\/mapa-suchdola-kamycka-letak-A4-apartmany-kamycka.jpg\"><img aria-describedby=\"caption-attachment-81\" loading=\"lazy\" class=\"wp-image-81 size-full\" src=\"http:\/\/office.alea.cz\/wordpress\/wp-content\/uploads\/2015\/01\/mapa-suchdola-kamycka-letak-A4-apartmany-kamycka.jpg\" alt=\"Mapa Suchdola Apartm\u00e1ny Kam\u00fdck\u00e1\" width=\"595\" height=\"842\" srcset=\"http:\/\/www.kamycka.cz\/wordpress\/wp-content\/uploads\/2015\/01\/mapa-suchdola-kamycka-letak-A4-apartmany-kamycka.jpg 595w, http:\/\/www.kamycka.cz\/wordpress\/wp-content\/uploads\/2015\/01\/mapa-suchdola-kamycka-letak-A4-apartmany-kamycka-211x300.jpg 211w\" sizes=\"(max-width: 595px) 100vw, 595px\" \/><\/a><p id=\"caption-attachment-81\" class=\"wp-caption-text\">Mapa Suchdola Apartm\u00e1ny Kam\u00fdck\u00e1<\/p><\/div>\n","protected":false},"excerpt":{"rendered":"<p>Ubytov\u00e1n\u00ed Apartm\u00e1ny Kam\u00fdck\u00e1\u00a0m\u00e1 dev\u011bt nov\u011b vybudovan\u00fdch podkrovn\u00edch pokoj\u016f s vlastn\u00edm z\u00e1zem\u00edm (kuchy\u0148ka, WC, koupelna) a t\u0159i byty (2kk a 3+1). Posledn\u00ed p\u0159estavbou pro\u0161la \u010d\u00e1st apartm\u00e1nu v roce 2015. Objekt byl vybudov\u00e1n v roce 2009 po celkov\u00e9 rekonstrukci rodinn\u00e9ho domu, kde do roku 1960 b\u00fdval t\u00e9\u017e rodinn\u00fd hostinec. Velikosti apartm\u00e1n\u016f jsou od 18m2 do 56m2, byt\u016f [&hellip;]<\/p>\n","protected":false},"author":1,"featured_media":0,"parent":0,"menu_order":0,"comment_status":"closed","ping_status":"open","template":"page-full-width.php","meta":[],"_links":{"self":[{"href":"http:\/\/www.kamycka.cz\/apartmany\/wp-json\/wp\/v2\/pages\/58"}],"collection":[{"href":"http:\/\/www.kamycka.cz\/apartmany\/wp-json\/wp\/v2\/pages"}],"about":[{"href":"http:\/\/www.kamycka.cz\/apartmany\/wp-json\/wp\/v2\/types\/page"}],"author":[{"embeddable":true,"href":"http:\/\/www.kamycka.cz\/apartmany\/wp-json\/wp\/v2\/users\/1"}],"replies":[{"embeddable":true,"href":"http:\/\/www.kamycka.cz\/apartmany\/wp-json\/wp\/v2\/comments?post=58"}],"version-history":[{"count":11,"href":"http:\/\/www.kamycka.cz\/apartmany\/wp-json\/wp\/v2\/pages\/58\/revisions"}],"predecessor-version":[{"id":689,"href":"http:\/\/www.kamycka.cz\/apartmany\/wp-json\/wp\/v2\/pages\/58\/revisions\/689"}],"wp:attachment":[{"href":"http:\/\/www.kamycka.cz\/apartmany\/wp-json\/wp\/v2\/media?parent=58"}],"curies":[{"name":"wp","href":"https:\/\/api.w.org\/{rel}","templated":true}]}}